ighest common divisor of b and r.
18
Let d(c) = -c**3 - 10*c**2 + 8. Let f be d(-10). What is the greatest common divisor of f and 344?
8
Let g be -1*(-2 + 4)/((-6)/12). Suppose -96 = -4*n + 2*z - 0*z, -g*n + 82 = 5*z. What is the greatest common divisor of n and 207?
23
Let y be 72/2*(-1 + 3). Let s(m) = -48*m. Let i be s(1). Let d be (6 + -3)/((-18)/i). Calculate the highest common factor of y and d.
8
Let n(o) = o**2 + 7*o - 16. Let x be n(-9). Suppose -2*y - 3*f = -x*f - 180, 2*f + 90 = y. What is the highest common factor of 10 and y?
10
Let y be 375/6*1064/35. What is the greatest common factor of 50 and y?
50
Let m = -410 + 420. What is the greatest common divisor of 45 and m?
5
Let g = -34 - -23. Let w = 24 + g. What is the highest common divisor of w and 39?
13
Let q = 1589 - 1581. Suppose 0 = 2*j + 9 - 57. What is the greatest common factor of q and j?
8
Let r = -17 + 29. Suppose 4*n - 2*f - 50 = 0, 2*n + f + 2 = 37. Suppose 4*u - 52 = 3*l - 11, -3*u - 3*l = -n. What is the greatest common divisor of r and u?
4
Let z be 4/(-18) + 29/9. Suppose 5*s = -j - 0*s + 1, 2*j + s = 47. Suppose -5*u + j = n - 1, -4*n = -u - 108. What is the greatest common factor of z and n?
3
Let w = 244 - 129. What is the greatest common divisor of 69 and w?
23
Let o(f) = -f**3 + f**2 + f - 1. Let d be o(-6). Calculate the greatest common factor of d and 35.
35
Let s(b) be the second derivative of -b**5/20 - b**4 + 2*b**3 - 5*b**2/2 - 4*b. Let f be s(-13). Calculate the greatest common factor of f and 72.
8
Suppose 0 = 10*j - 12*j + 92. Calculate the highest common divisor of 46 and j.
46
Let p = 18 - 12. Suppose -j + 2*h - 56 = -p*j, -4*h = -12. What is the greatest common factor of j and 10?
10
Suppose 1085 = 7*j - 0*j. Let p = j - 11. What is the greatest common factor of p and 18?
18
Let r(p) = p**3 + p + 6. Let y = 8 + -16. Let w be (-1)/(-4) - y/(-32). Let b be r(w). What is the highest common divisor of b and 4?
2
Let m = -89 + 60. Let o = 55 + m. Let x = o - 9. What is the highest common factor of 17 and x?
17
Let j be (32/40)/(1/10). Calculate the greatest common factor of 616 and j.
8
Let o = -147 + 237. Let b be ((-8)/(-3))/(((-16)/o)/(-4)). Calculate the greatest common divisor of b and 12.
12
Let s(g) be the second derivative of -g**4/12 - g**3/3 + g**2 + 5*g. Let o be s(-2). Suppose 3*a = -o*a + 5. Calculate the greatest common factor of a and 5.
1
Suppose -4*a - a = -45. Let q be 7/a + (-16)/(-72). Suppose -5 - q = 3*u, -3*u = -5*i + 171. Calculate the greatest common divisor of i and 165.
33
Let t(r) = 2*r**2 - 9*r - 3. Let z be t(5). Suppose -i + z*i - 110 = 0. Suppose -3*v + 26 + 106 = 0. What is the greatest common factor of i and v?
22
Suppose 16*p + 163 = 19107. What is the highest common divisor of p and 37?
37
Let r be 2/6 + (-148)/(-6). Let g = -11338 + 11343. What is the greatest common divisor of g and r?
5
Let g = -1555 + 1589. Suppose 2*d - 205 + 1 = 0. What is the greatest common divisor of d and g?
34
Suppose 11*m - 2856 = 5*m. Suppose 4*l + t - m = 0, -4*t + t - 12 = 0. Calculate the greatest common factor of l and 15.
15
Suppose -n - 4*n + 525 = 0. Suppose -n = -4*q - q. Let a be -4 - ((-99)/(-9) - 78). Calculate the highest common divisor of a and q.
21
Let j(b) = b**3 - 7*b**2 + 87 + 0*b**3 + 11*b - 81. Let h be j(5). Calculate the highest common factor of h and 33.
11
Let h(q) be the first derivative of -q**4/4 + 4*q**3 - 11*q**2/2 - 21*q + 15. Let l be h(10). What is the greatest common factor of l and 23?
23
Let y = 8 + -4. Suppose -5*s - b + y*b = -182, -2*s = 5*b - 48. Let k = s - 18. Calculate the greatest common factor of k and 64.
16
Let c = -58 + 121. Suppose 5*f - 60 = -3*l, 4*l = 5*l + 2*f - 19. Let y be 363/15 - 5/l - 3. Calculate the greatest common factor of y and c.
21
Suppose 4*d = -5*v + 7, -2*v - 25 = -7*v + 5*d. Suppose -s = -v*j + 49, -s + 5*j - 101 = -42. Let o = s - -38. What is the greatest common divisor of o and 4?
4
Let r(x) = 26*x**2 + 1. Let p be r(1). Let h be (27/(-6))/(8/(-96)). Calculate the greatest common divisor of p and h.
27
Suppose 4*d = -11*d + 10125. Calculate the highest common factor of d and 27.
27
Let i(x) = x**2 + 10*x + 11. Let h be i(-9). Suppose -3*j + 20 = -h*j. Let z be (64/20)/(2/j). What is the highest common divisor of 4 and z?
4
Let h = -195 + 363. Let f(l) = l**2 + 4*l - 56. Let d be f(7). What is the greatest common factor of h and d?
21
Let b(a) = 22*a**2 + 110*a + 109. Let f be b(-1). Suppose -3*m + 6*m = 18. Suppose c = m*c - 70. What is the highest common factor of c and f?
7
Let i be (108/15)/(47/235). What is the highest common factor of i and 495?
9
Let t = 38 - -23. Let i be (-12)/4 + 0 + t. What is the highest common factor of 145 and i?
29
Suppose 5*u + 136 = 1501. Calculate the highest common divisor of u and 39.
39
Let p be (-1 + -3 + 3)*-2. Suppose -4*x + x + 28 = -p*z, -7 = -x + 3*z. Suppose 0 = -m + 34 + 56. Calculate the highest common divisor of m and x.
10
Let g(c) = -20*c - 56. Let z be g(-3). Calculate the greatest common factor of z and 512.
4
Let t(l) = -l - 19 - l + l + 3*l. Let i = -21 - -34. Let k be t(i). What is the highest common divisor of k and 1?
1
Let t = -90 + 390. What is the highest common divisor of 120 and t?
60
Let g be 4/(-10) + (-514)/(-10). Let f be 176/396*306/4. Calculate the greatest common factor of g and f.
17
Let q be (-380)/3*(-2)/((-44)/(-33)). What is the highest common divisor of q and 266?
38
Let a(n) = -n**2 - 13*n - 25. Let m be a(-10). Let h(q) = q**3 - 4*q**2 - 4*q. Let l be h(m). Calculate the greatest common factor of 35 and l.
5
Let j be 9/(-3) - -15 - 3. Let t be (-3)/(((-15)/2)/5). Suppose 4*q = -3*u + 189, -u - t*q + 126 = u. Calculate the highest common factor of u and j.
9
Suppose -25 = 4*i - 9*i. Let k be (80/3)/((40/(-12))/(-10)). Suppose -k = h - i*h. Calculate the highest common factor of 80 and h.
20
Let f = -23 - -23. Suppose f = -4*p - 6*z + z + 39, 2*p + 3 = 5*z. What is the highest common divisor of 48 and p?
6
Suppose -102*o - 684 = -121*o. Calculate the highest common divisor of 90 and o.
18
Let p be 1/(-4) - 1696/(-128). What is the greatest common factor of p and 403?
13
Let n(y) = -7*y**2 + y**3 + y - 2*y + 6*y. Let i be n(6). Let p(f) = f**2 + 6*f + 2. Let j be p(i). Calculate the greatest common factor of j and 14.
2
Let p be 1*(-1 + 0) - (-198 - -5). Calculate the greatest common factor of 84 and p.
12
Let j be 168/9*6/4. Let m(l) = -l**2 + 22*l - 21. Let s be m(21). Suppose s*d - j = -2*d. Calculate the greatest common divisor of d and 14.
14
Let o(f) = f**2 + 3. Let s be o(-5). Let b = 186 + -158. What is the greatest common factor of b and s?
28
Let f(i) = 4*i - 38. Let r be f(10). Suppose 2 = 4*g - 2. Calculate the greatest common divisor of r and g.
1
Let p be 1/8 + 391/136. Let f(c) = c**p - 2 - 3*c**3 - 2 - 2*c**2 + c**3 - 2*c. Let w be f(-3). Calculate the highest common factor of w and 55.
11
Let d(i) = 7*i + 3. Let z(m) = 7*m + 3. Let k(t) = 2*d(t) - 3*z(t). Let s be k(-3). Let f = 34 - 22. Calculate the highest common factor of s and f.
6
Let j = 39 + -56. Let x = j - -57. Calculate the greatest common divisor of 8 and x.
8
Suppose -4 = -6*u + 8. Suppose -3*q = -u*q - 2. What is the highest common divisor of q and 2?
2
Let t(y) = y**2 + 2*y - 1. Let z(d) = -3*d**2 - 5*d + 3. Let w(u) = -5*t(u) - 2*z(u). Let b be w(-4). Calculate the highest common divisor of 3 and b.
3
Suppose -3*l = -4*l + 3. Suppose -11*k = -7*k - 60. What is the greatest common factor of l and k?
3
Suppose 20*u - 307 = 493. What is the greatest common factor of u and 136?
8
Let n(g) = -25*g - 10. Let q be n(-3). What is the greatest common divisor of 78 and q?
13
Let h be (-3)/(-6)*42 + (1 - 2). Suppose 5*o + 18 = 3*i, -3*o - 4 = -3*i + h. What is the highest common divisor of 44 and i?
11
Let a be (-18)/27 + (-16)/(-6). Let m be ((-6)/(-27)*3)/(a/30). Calculate the greatest common factor of m and 15.
5
Suppose -h + l + 582 = 3*h, -2*l - 4 = 0. Calculate the highest common factor of 87 and h.
29
Let s = -909 + 1197. What is the highest common factor of s and 108?
36
Suppose 5*u = 4*w - 410, 2*u - u - 527 = -5*w. Calculate the highest common divisor of 273 and w.
21
Suppose 22*j + 9*j = 217. Calculate the 